se -3*y - 2*y = 5*g, 0 = 5*g + y + 16. Let u be g/5*(9 - 4). Let z(j) = 2*j**2 - j + 1. Is z(u) composite?
False
Let j(l) = 12*l**2 - 1. Suppose 0 = 2*a + 2*a. Let v = 1 - a. Is j(v) a composite number?
False
Is 105 + 6 - (-1 - 1) a prime number?
True
Suppose 5*i + 3 + 7 = 0. Let f(q) = 94*q**2 + q - 1. Is f(i) composite?
False
Suppose 0 = -2*i + 2*d + 1730, 7*i - d = 2*i + 4313. Let j = i + -574. Suppose -4*s + j - 116 = 0. Is s composite?
False
Suppose -5*f + 2*p = -33, 3*p = f - p - 21. Suppose -f*a - 3*x - 841 = 68, -9 = 3*x. Is a/((-2)/1) + -1 a composite number?
False
Suppose 3*f - 21 = t + 4*t, 0 = 3*f - 2*t - 12. Is 4/(-12)*(f - 71) prime?
True
Let r(m) = -58*m**3 - 3*m**2 + 4*m. Is r(-3) composite?
True
Let l = 3 + -2. Let r be 14*-1 + (3 - l). Is (-282)/(-8) + 3/r a composite number?
True
Let k(a) = 3*a**3 + 23*a**2 - 18*a - 26. Let t(n) = n**3 + 8*n**2 - 6*n - 9. Let c(u) = -4*k(u) + 11*t(u). Let b be c(-5). Let p = b - -19. Is p composite?
False
Let w(k) = -k**3 - 3*k + 31. Is w(0) prime?
True
Let g(c) = c**2 + 0 + c - 1 + 36*c**3 + 0*c**2. Is g(1) composite?
False
Suppose 0 = -3*w - 92 - 106. Let a be w/(-10) + (-2)/(-5). Suppose -2*p + a = -7. Is p a composite number?
False
Let u = -4 + 9. Suppose -h = -u*h + 1484. Is h a prime number?
False
Let i = -14 - -8. Is i/9*315/(-10) a prime number?
False
Let q be (-418)/(-4) - 6/12. Suppose 0 = 4*a - 0*a - q. Let g = a + -15. Is g composite?
False
Suppose 2*g + 138 = -5*s, 114 = -3*s - 2*s + 4*g. Is -1 - (s + 6/3) a composite number?
False
Suppose -5*w + 873 = -617. Is w prime?
False
Let i(t) = 2*t - 1. Let r = 6 + -4. Let n be i(r). Suppose -n*g = -5*q + 250, 2*q + 2*g - 89 = g. Is q a composite number?
False
Let j = 469 + -216. Is j composite?
True
Suppose -3*s + s = 2*k - 1366, 3*k - 2049 = 2*s. Is k prime?
True
Suppose -5*w + 184 = -w. Is w composite?
True
Let z be (-1)/(-6) - 5/(-6). Suppose 6 = -g - 2*g. Is (8 - z)*(g - -3) a composite number?
False
Suppose 88 + 3810 = 2*d. Is d prime?
True
Let s = -375 - -255. Let p = -69 - s. Is p a composite number?
True
Let f be 3/1 + (8 - 11). Suppose -16 + 155 = 3*v - q, f = -2*q - 2. Is v a prime number?
False
Let g(a) = -a**2 + 6*a - 4. Let w be g(4). Suppose w*x - 112 + 28 = 0. Is x a prime number?
False
Let l(w) = 7*w + 6. Let n(j) = -4 - j + 3 - 1 + 3. Let h(i) = l(i) + 3*n(i). Is h(7) a composite number?
False
Let f(h) = h**3 + 6*h**2 + 3*h - 6. Suppose -3*v - d - 21 = -4*d, 29 = -5*v + 2*d. Let m be f(v). Suppose m*n - 39 - 325 = 0. Is n composite?
True
Is (191/(1/1))/1 composite?
False
Let v(t) = -4*t**3 + 4*t - 2. Let y(m) = -m**3 - m + 1. Let n(i) = -v(i) - 3*y(i). Let p(d) = -d + 7. Let r be p(5). Is n(r) a prime number?
True
Suppose 1173 = -x + 4*x. Is x a prime number?
False
Suppose 4*t + 318 = 2*q, -3*t - 75 - 242 = -2*q. Is q prime?
True
Is (-1792)/(-6) + (-6)/(-18) composite?
True
Let p(a) = 2*a**3 - 6*a**2 - 2*a + 1. Let w(z) = z**3 - z**2 + z + 1. Let u(j) = -p(j) + w(j). Is u(5) prime?
False
Let n(w) = 9*w**2 - 10*w - 5. Is n(-6) prime?
True
Let d = -17 + 10. Let l(f) = -f + 1. Let s(m) = -6*m + 9. Let b(n) = -4*l(n) + s(n). Is b(d) a composite number?
False
Suppose 4*v - 38 = 2*f, 3*v - 5*f + 16 = 55. Let b(m) = 2*m + 15. Is b(v) a prime number?
True
Let p(b) = 19*b**2 + 4*b - 5. Let g = -1 + 3. Is p(g) a composite number?
False
Suppose -6 = -2*r - 0*r. Let c = r + -3. Suppose c = 5*l - 33 - 22. Is l prime?
True
Let x(k) = -8*k - 4. Let o be x(-3). Let i = -9 + o. Is i a composite number?
False
Suppose -2*r - 87 = -589. Is r composite?
False
Let q be 20 + -17 + -1 + 0. Let g(r) = -1 + 10*r - 4 + 4. Is g(q) prime?
True
Suppose y - 915 = -3*c, 2*c + 1525 = 7*c + 5*y. Let t = c - 94. Is t a composite number?
False
Is (-13233)/(-12) - ((-10)/8 + 1) composite?
False
Let d = -166 - -286. Suppose -d = -3*n + 39. Is n composite?
False
Let r(d) = 3*d - 3. Let s be r(2). Suppose g - s = -0*g. Is (1/1)/(g/267) a composite number?
False
Is 6/(-4)*(-5270)/51 a prime number?
False
Is 2 - (1 - -2) - -224 composite?
False
Let a be 2/(-7) + (-16460)/(-35). Suppose 0 = -j + b + 52 + 183, -2*j = b - a. Is j a prime number?
False
Suppose g + 789 + 512 = 2*i, 0 = -i + 3*g + 658. Is i a composite number?
True
Let v(g) = 3*g - 4. Let a be v(6). Suppose -4*i + 2*k - 66 = 0, -4*i - 3*k = 37 + a. Let f = 22 + i. Is f a prime number?
True
Let a = -64 + 90. Suppose -m - a = -0*m. Let b = m + 79. Is b prime?
True
Suppose 4*a + a - 605 = 0. Is a a prime number?
False
Let f = 0 + 2. Suppose -r - 3 = 0, -2*y + f*r + 8 = -0*y. Let m = y + 14. Is m prime?
False
Suppose 6 = 2*w - 5*f, 2*w + 2*w = -3*f + 12. Suppose -w*g - 8 = -n - 0*g, 5*n - 3*g - 16 = 0. Let q = n - -91. Is q a prime number?
False
Let z be (-1 - -2) + (0 - -1). Let q(o) = 33*o**2 - 3*o + 1. Is q(z) composite?
False
Let i(b) = -b**3 + b + 1. Let s be i(0). Let j be (-4)/(8/(-6))*s. Suppose x + j*p = 6*x - 12, -4*p + 4 = 0. Is x a composite number?
False
Let j = -45 + 76. Suppose 45 = -2*i + 9. Let r = i + j. Is r composite?
False
Suppose 2*v + v + o - 14 = 0, 4*o - 23 = -v. Suppose -9 = v*r, -4*h - 4 + 11 = 3*r. Is (0 - 2)*(-38)/h prime?
True
Let j = -3303 - -5610. Is j composite?
True
Let n(x) = 3*x - 4. Let l be n(3). Let q(r) = r**3 + 9*r**2 + 7*r - 8. Let c be q(-8). Suppose 0 = -j - l*v + 74, c = -3*j + 4*j - v - 68. Is j a prime number?
False
Suppose 3*t = 7*t - 12. Let x be 6/t - -27 - 1. Let f = x - -91. Is f a composite number?
True
Is 170/8 - 3/12 composite?
True
Let t = -84 - -275. Is t composite?
False
Let p(m) = 55*m + 3. Is p(4) a prime number?
True
Let p(o) = -o**3 - 3*o**2 - 2*o + 2. Suppose -21 = 3*z + 3*x, -4*z + x = -2*x - 7. Let i be p(z). Is (i - 2) + 17 + 2 prime?
True
Let u = 271 + 1963. Is u a prime number?
False
Let i(s) = s**2 - 7*s - 13. Let w be i(9). Suppose -85 = -w*v - 3*q + 287, 132 = 2*v - 3*q. Suppose y + y + b = v, -66 = -2*y - 4*b. Is y prime?
True
Let a be 7/(-21) + (-1952)/(-6). Let v = a - 130. Suppose -2*s - s + v = 0. Is s a composite number?
True
Let l(j) = -129*j - 3. Let m be l(-4). Let h = 441 + -739. Let x = h + m. Is x composite?
True
Suppose 3*y - 2976 = -3*q, 3*y = -q + 705 + 281. Is q a composite number?
True
Suppose -4*z = -3*d + 16, 2*z + 0*z - 18 = -5*d. Suppose 0 = -5*w + w + d*y + 28, 0 = 2*w - 4*y - 8. Is w composite?
True
Is -1 - (3 - 666/2) prime?
False
Suppose 5*b + 2*o - 34 = -89, 4*o + 55 = -5*b. Let z(h) = -29*h. Is z(b) composite?
True
Is 13/(-78) + 13711/6 a prime number?
False
Let c be 278/8 + 3/12. Suppose 5*m - c - 120 = 0. Is m prime?
True
Suppose -3*f = -1 - 5. Suppose -204 = -i + x, -f*x + 823 = 4*i + x. Is i composite?
True
Let n(s) be the third derivative of -s**4/24 + 5*s**3/3 + s**2. Let q be n(7). Suppose -8 = q*l - 173. Is l a prime number?
False
Let g(x) = -x**2 + 9*x - 9. Let i be g(5). Is 2/i - 19005/(-77) composite?
True
Suppose 5*x + 121 + 47 = 3*z, 38 = -x + 5*z. Let f = 23 + x. Let d = 3 - f. Is d a prime number?
True
Suppose 0 = -8*v + 3*v - 5. Let y = v + -17. Is (1 - y/4)*10 composite?
True
Suppose 2*y = 3*y. Suppose 5*u + 3*c - 179 = y, -c - 40 = -2*u + 36. Is u composite?
False
Let d = -108 + 427. Is d a prime number?
False
Let b(t) = -3 + 3*t**3 + 3*t - 2*t - 2*t**2 - 2*t**3. Let s be b(3). Is 42/s*(-78)/(-4) composite?
True
Let o = 272 + -61. Is o a composite number?
False
Suppose a + 0 + 18 = 0. Let g = 9 - a. Suppose 5*u + o - g = 0, -5*u - 4*o = -2*u - 6. Is u a prime number?
False
Suppose 2*d = 4*d + 54. Let p = d + 58. Is p a prime number?
True
Let l be (-2 - (-2 - 1))*1. Suppose -4*p + 3*p = -l. Suppose 93 = 2*m - p. Is m a prime number?
True
Let k = -48 - -69. Is k prime?
False
Let f(k) = -k**3 - 3 + 5*k + 0*k**2 - 4*k**2 - 9*k. Let z be f(-3). Is 21/(3 + z) + 0 a composite number?
False
Let j = 68 - 41. Let w = 38 - j. Is w a composite number?
False
Suppose 2*d = 5*t + 339, d + 208 = -3*t - 2. Let w = t - -120. Let s = w - -4. Is s a prime number?
False
Suppose o = -3*r + 2809, -2*r + 6*o = o - 1850. Suppose -5*y + 4*g = -r, 2*g - 970 = -5*y - g. Is y a composite number?
False
Let f(i) = -3*i**3 + i**2 + 5*i + 20. Is f(-9) a composite number?
False
Let x = 14 + -15. Let a(n) = -294*n + 1. Is a(x) a composite number?
True
Let v = 18 + -15. Is ((-393)/1)/(v/(-2)) prime?
False
Suppose k - 91